/(-2))/(2/4). Let x(q) = 7 + 2*q**3 + 8*q**3 + 4*q**2 - 9*q**3 - 5*q. What is x(t)?
7
Let l be 0 + 2 + 2 - 0. Let d(j) = 4*j**2 + 1 - 5*j + 0 + l*j. Let g = 1 + 0. Determine d(g).
4
Let j(q) = -q**3 - 17*q**2 - 16*q + 4. Let o be j(-16). Let z(n) = n - 5. Determine z(o).
-1
Let r(m) = -6*m - 1. Let v be r(-3). Suppose 0 = -3*h - f + v, -3*f + 21 = 5*h - h. Let i(b) = b**2 - 7*b + 3. Determine i(h).
-3
Let c be 96/(-52) + (-4)/26. Let l(n) = 2*n**2 - 2*n. Calculate l(c).
12
Let z be 10/4 + (-3)/(-6). Suppose 4*y = -5*a + 21, 3*a - 18 = z*y - 0*a. Let s(w) = -3*w. Give s(y).
3
Let d(w) be the second derivative of -w**4/6 + w**3/2 - w**2 + w. Suppose 2*s - 18 = -2*c, -4*c - 36 = -5*s - 0*s. Let v = s - 6. What is d(v)?
-4
Let v(t) = 1 - 1 + 2*t + 6 - 3. Let h(l) = l**2 - l - 1. Let o(r) = 3*h(r) + v(r). Determine o(2).
10
Let k(q) = 24*q**3 + q + 18*q**3 - 41*q**3. Calculate k(2).
10
Let c(s) = s**2 - 6*s - 6. Let b(i) = -i**2 - 6*i + 3. Let p(l) = -l**2 - 2*l + 2. Let n be p(-4). Let k be b(n). Suppose 0*q + k*q = 15. Determine c(q).
-11
Let j be (-324)/(-42) + (-2)/(-7). Let o(v) = -v**3 + 9*v**2 - 8*v + 1. Let m be o(j). Let k(a) = -11*a**2 + a. Determine k(m).
-10
Let o(a) = a**2 + 3. Let i be 2/8 + 1/(-4). What is o(i)?
3
Let i = 2 + -5. Let s be 4/(-14) + 30/7. Let o(g) = g + s + 2*g**3 - 3*g**2 - 2*g**3 - g**3. Give o(i).
1
Let p(x) = 2*x**2 - 269*x - x**2 + 0*x**2 + 275*x - 1. Calculate p(-5).
-6
Let b = 27 + -21. Let w(h) = -h**2 - h + 1. Let v(r) = 7*r**2 - 2*r + 3. Let y(l) = v(l) + 6*w(l). What is y(b)?
-3
Let i(q) = -q**3 - q**2 - 6*q + 2. Let c(w) = -w**2 - 1. Let s(l) = -6*c(l) - i(l). Let n(r) = -r**3 + 3*r**2 + 3*r - 2. Let o be n(4). Calculate s(o).
4
Let q(i) be the first derivative of i**2/2 - 13*i - 2. Let l(n) = -n + 6. Let z be l(9). Let b(m) = -m - 3. Let f be b(z). Calculate q(f).
-13
Let z(a) = 4*a + 1. Let p(q) = -5*q + 3. Let o be p(-3). Suppose 8*j + 4*r + o = 3*j, -2*j - 2*r = 8. Let s be 1/(-1) - 6/j. Determine z(s).
9
Let l(w) = -2*w**3 - w**2 + 2*w. Suppose 5*t - 50 = -3*z, z - t = 2 + 4. Let v = -6 + z. Suppose -3*u - 9 = 3*b, -5*u + v*b - 6 = -0*b. Determine l(u).
8
Suppose -2 = 3*k - 4*k. Suppose 2*c + k*p - 13 = -5, 0 = -5*c - p. Let d(i) = 2*i**2 + 2*i + 1. Give d(c).
1
Let z(p) = -2*p - 8. Let g(q) = q + 1. Let c(m) = 3*g(m) + z(m). Suppose 4*i - 40 = 5*j, 3*i + 3*j - 6*j - 27 = 0. Give c(i).
0
Let q(i) = 4*i**3 - 2*i + 1. Let g be q(1). Let u(j) be the third derivative of j**6/120 - j**5/20 + j**4/24 + j**3/3 + 22*j**2. Calculate u(g).
5
Suppose -3*g + 4*v = -v - 13, 2*g + v = -13. Let p(s) be the third derivative of 0 - 1/6*s**4 + s**2 + 0*s + 1/3*s**3 - 1/60*s**5. Determine p(g).
2
Let w = 9 + -8. Let n(v) = 2*v. Give n(w).
2
Let o(t) = t + 1. Let r be o(11). Let h(b) = -b + 10. Calculate h(r).
-2
Let p(v) = v**2 + v + 1. Let x(a) = -2*a**2 - 7*a - 4. Let o be 12/10 - 5/25. Let g(m) = o*x(m) + 3*p(m). What is g(5)?
4
Let b(d) = 2 - 3*d + 7*d - 2 + 3. Calculate b(-4).
-13
Let t(j) be the second derivative of j**4/12 - 5*j**3/6 - j**2 + 30*j. What is t(4)?
-6
Suppose -2*d + 15 = 3*d. Let b(k) be the first derivative of -2*k**2 + 2*k - 1 + 1/3*k**3. Calculate b(d).
-1
Suppose 0*n - 2*n + 2 = -5*o, 0 = 2*o - n. Let d(z) = -21*z - 57. Let f(t) = 3*t + 8. Let u(p) = o*d(p) - 15*f(p). Calculate u(-4).
6
Let j be (-6)/(-4 - -1) - 4. Let k(m) = -m**3 + m**2 - 2. What is k(j)?
10
Let i(h) = h**2 - 1. Suppose 5*n - 15 = -5. Let g(m) = 4*m - 3. Let x be g(n). Let k be x/2*-2 + 2. Determine i(k).
8
Let i(u) = -5. Let v(p) = p + 9. Let o(d) = -7*i(d) - 4*v(d). Let l = -3 - -5. What is o(l)?
-9
Let z(i) = -i**3 - 4*i**2 - 5*i - 3. Suppose 4 = -5*k - 16. Give z(k).
17
Let f(n) = -8*n + 2. Let r = 1 - 0. Let v(o) = -o - 1. Let a(t) = r*f(t) + v(t). Suppose -y = -3*y + 2. Give a(y).
-8
Suppose -2*c - 5 = -7*c. Suppose -2*g + c = 3*n, -6 = 5*n - 4*g + 7. Let u(b) = -1 + 0*b**3 - 6*b**3 - 4*b**3 + 3*b**3 + b**2. Calculate u(n).
7
Let j(d) = -d. Let z(i) = 3*i + 1. Let h(q) = 7*j(q) + 2*z(q). Suppose 4*b + 5*m = m - 36, 14 = -b - 2*m. Let f be (2/b)/(1/6). Calculate h(f).
5
Suppose -30 = 2*y - 10. Let d be (-1)/2 + 25/y. Let l(c) = -2*c + 3. Determine l(d).
9
Suppose 0 = 3*c - 1 - 2. Let r(i) = -2*i**2 + 2*i**2 + 4*i**3 + 1 + 5*i - 7*i. What is r(c)?
3
Let k(g) = 1. Suppose 3 = -v + 5. Let z(w) = -w + 6. Let t(o) = v*k(o) - z(o). Determine t(0).
-4
Suppose 4*r - 6 - 2 = 0. Let l(i) = 1 + 2*i**2 + 2*i**2 + r*i - 5*i**2 + 3*i. What is l(4)?
5
Let x(k) = -2 + 5*k + 2*k - k**2 + 4*k - 4*k. Let r be x(6). Let d(f) = 3*f - 10. Let q(i) = 3*i - 9. Let w(j) = -3*d(j) + 4*q(j). What is w(r)?
6
Let p(h) be the first derivative of 4 - h - 8/3*h**3 + 5/2*h**2. Let u(y) = -25*y**2 + 14*y - 3. Let f(l) = -8*p(l) + 3*u(l). What is f(1)?
-10
Suppose 8 = 4*b - 4. Let t be -3 - -1 - (2 - b). Let a(c) = -4*c**2 + c. Give a(t).
-5
Let f(z) = 2 - 2*z + 4*z**3 - 15*z**2 + 13*z**2 - 2*z**3. What is f(2)?
6
Let l(b) be the first derivative of -b**4/4 + b**2/2 - 9*b + 1. Suppose 4*v + 20 = -2*w, -27 = 4*w - w + 5*v. Let q = w - -4. What is l(q)?
-9
Let u(b) = b**3 - 5*b**2 - 6*b + 4. Suppose 3*o = 22 - 4. Calculate u(o).
4
Let y(z) = -z**3 + 4*z**2 + 7*z - 5. Suppose 0 = -7*p + 9 + 26. Calculate y(p).
5
Let h(c) = -8 - 14 + 23 + 2*c - c**2 - 6*c**2. What is h(-1)?
-8
Let v(z) = z**2 - 2*z - 2. Let g = -11 + 9. What is v(g)?
6
Let m(l) be the second derivative of l**3/6 + l**2/2 - 24*l. What is m(5)?
6
Suppose -2*a - 79 = -95. Let n(b) = -b**2 + 7*b + 10. Determine n(a).
2
Let g = 169 + -169. Let z(q) be the second derivative of g - 5/6*q**3 + 3/2*q**2 - q. Give z(2).
-7
Let z = 215 - 221. Let g(k) = -4*k**3 - 2*k - 6*k**2 - k**3 - 5 + 4*k**3. What is g(z)?
7
Let m(q) = 3*q - 13. Let l be m(6). Let k(i) be the first derivative of i**2 - 7*i - 1. Calculate k(l).
3
Let g(o) be the third derivative of -o**4/24 - 2*o**3/3 + 5*o**2. Calculate g(-5).
1
Suppose 0 = -2*b - b - 2*f + 25, b - 4*f = -15. Let p(l) = b*l**2 - 5*l + l**3 + 0*l - 2*l**3 + 4. Let g be 18/5 - 4/(-10). Calculate p(g).
0
Suppose -5*a = -x - 6 - 1, -3*x + 3*a + 3 = 0. Let l(v) = v**3 - 2*v**2 - 5*v + 4. Determine l(x).
-2
Suppose -3 - 12 = d - 3*g, -3*g + 33 = -4*d. Let m(q) = 3*q - 2*q - 3 + 6. Calculate m(d).
-3
Let f(d) = 7*d**2 + 6*d + 4. Let z(u) = -4*u**2 - 3*u - 2. Let p(h) = -3*f(h) - 5*z(h). Let l = 53 - 75. Let c = -26 - l. Determine p(c).
-6
Let k(q) = -8*q**2 + 4. Let b(m) = -m**2 - 2*m**2 + m**2 - 6*m**2 + 3. Let s(o) = -3*b(o) + 2*k(o). Determine s(1).
7
Let z(t) = -3*t**2 + 7*t + 5. Let m(p) = -7*p**2 + 15*p + 10. Let i(s) = -2*m(s) + 5*z(s). Calculate i(5).
5
Let z(h) = -h + 2*h - 6*h + h + 1. Let r(t) = -3*t + 1. Let m(f) = 3*r(f) - 2*z(f). Give m(6).
-5
Let f(r) = r**3 + r**2 + r. Let b(d) = 3*d**3 + 7*d**2 + 6*d - 1. Let w(c) = -b(c) + 2*f(c). Give w(-4).
1
Let f(z) = z**3 + 8*z**2 - 7*z - 9. Let s(d) = -d**3 - 7*d**2 + 8*d + 9. Let x(h) = -2*f(h) - 3*s(h). Calculate x(-6).
15
Let h(q) = -4*q**3 - q**2 - 10*q - 5. Let v(o) = -o**3 - o**2 - o - 1. Let n(z) = -h(z) + 5*v(z). Calculate n(-5).
0
Let a(n) = 2*n**2 + 5*n. Let f be a(-3). Let v(p) = -2*p - 2. Give v(f).
-8
Let u(r) = 2*r - 1. Let k(t) = t**2 + 9*t + 21. Let a be k(-6). Calculate u(a).
5
Let b(j) = -j - 1. Let o(t) = 5*t. Let g(w) = -4*b(w) - o(w). What is g(6)?
-2
Let x(k) = -2*k + 5. Suppose 0 = -t + 4*t - 33. Let a = t + -6. Calculate x(a).
-5
Let k(x) be the first derivative of 0*x**2 - 2/3*x**3 + 1/360*x**6 + 1/120*x**5 - 1/8*x**4 + 0*x - 1. Let z(p) be the third derivative of k(p). Determine z(-4).
9
Let j(t) be the second derivative of -t**3/6 - 4*t**2 + 8*t. What is j(-6)?
-2
Let y(w) = -w**3 - 26*w**2 - 47*w + 28. Let g be y(-24). Let k(r) be the third derivative of r**4/24 + r**3/2 + r**2. What is k(g)?
7
Suppose -12 = -o - 2. Let c be ((-6)/(-10))/(2/o). Let k(d) be the second derivative of d**4/12 - d**3/2 - 3*d. Determine k(c).
0
Let y(t) = t**3 + t**2 - 6*t - 3. Let c(n) = -n**3 + 6*n + 3. Let s(m) = -4*c(m) - 5*y(m). What is s(-6)?
3
Suppose 0*a = 4*a - 20. Let x(u) be the third derivative of -u**4/12 + 7*u**3/6 + u**2 - 40*u. What is x(a)?
-3
Let i(z) = 6*z + 19 + 0*z - 26. Let v(t) = 17*t - 20. Let q(l) = 11*i(l) - 4*v(l). Give q(3).
-3
Let c(q) = -q + 12. Let y be 9 + 2/(-1) + 3. Calcula